ighest common factor of 3 and y.
3
Let n = 628 - 624. Let q be -2*(4/16 - 391/n). Calculate the highest common factor of 117 and q.
39
Suppose -p = 3*p - 0*p. Suppose p = -2*v - 4*l + 46, -20 - 49 = -3*v + 2*l. Suppose -17*q + 14*q + 276 = 0. Calculate the highest common divisor of v and q.
23
Let f(l) = -2*l**3 + 5*l**2 + 3*l - 6. Let t be ((-15)/(-9) - 2)*-15. Let s be f(t). Let c = s + 176. Calculate the highest common divisor of c and 36.
12
Let m = -12356 + 12788. What is the greatest common factor of 48 and m?
48
Let g = 133 - 130. Let x be ((5/1)/(-1))/(-1). Let d = g + x. Calculate the greatest common divisor of 1 and d.
1
Suppose 0 = c + 4*a - 36, -5*a = 2*c - a - 88. Suppose 0 = 7*u - 5*u - c. Calculate the highest common factor of 169 and u.
13
Let v be (-6)/4*270 + 4/2. Let r = -214 - v. Calculate the highest common divisor of 54 and r.
27
Let t be (-8)/14 + -4 + (-67)/(-7). Suppose -5*z + 175 = 4*y + y, -4*z = t*y - 175. What is the greatest common factor of y and 315?
35
Let z = 12 - -243. Suppose -1080 = -138*s + 66*s. What is the greatest common divisor of z and s?
15
Let s(b) = 37*b - 149. Let r be s(5). Suppose -r*w - 258 = -654. What is the greatest common factor of w and 836?
11
Let p(d) = 510*d**3 + 2*d**2 - 3*d + 1. Let x be p(1). Let t be (101/3 - (-24)/(-9)) + 2/(-2). Calculate the highest common divisor of t and x.
30
Let g(q) = -q**2 - 104*q - 28. Let y be g(-58). What is the greatest common factor of y and 396?
132
Let l(v) = 7*v - 2. Let q be l(1). Suppose -5*n = -5*k + 85, q*k - k - 77 = n. Let o be ((-48)/(-120))/(2/k). What is the highest common factor of 8 and o?
4
Let a be 3/10 + 10870/100. Suppose 0 = 3*j + 2*h - a, 3*h = 5*j - 5 - 164. Let f = 8 + -1. What is the highest common divisor of j and f?
7
Let l(r) = -47*r**2 + 1888*r - 208. Let m be l(40). Suppose 3*c = -c + 192. Calculate the highest common factor of m and c.
16
Let b = -49 + 51. Suppose -52 = b*v - 472. Suppose 7*o - v = -3*o. What is the highest common factor of o and 14?
7
Suppose -2*p + 3*p - 252 = 0. Let d(a) = 57*a**2 + 12*a + 5. Let z be d(-2). Let b = z - 181. Calculate the highest common factor of b and p.
28
Let t(p) = -3*p - 57. Let a be t(-50). What is the greatest common divisor of 11191 and a?
31
Let s be (0*3/(-9))/(3 + -7). Suppose -897 = -3*u - s*u. What is the highest common divisor of u and 39?
13
Let q = 761 - 419. Let f = q + -242. What is the highest common factor of f and 40?
20
Suppose 282750 = 230*t + 145*t. Calculate the highest common divisor of 290 and t.
58
Suppose 3*y + 5224 = -j, j - 7634 = 4*y - 678. Let x be (-120)/y - (-2086)/29. Calculate the greatest common divisor of x and 90.
18
Suppose 15*f - 1372 = f. Suppose -f*r - 2025 = -103*r. Calculate the highest common divisor of 15 and r.
15
Let d = 5776 - 5517. Let y be (-3)/(4/444*-3). What is the highest common divisor of d and y?
37
Suppose 3*u = -3*g + 57, 2*g - 4*u - 50 = -18. Suppose 132 = 6*q - g. Calculate the greatest common factor of q and 25.
25
Let l be 27/((-28)/(-8) + 25/(-10)). Let u(r) = -6*r - 81. Let i be u(-30). What is the highest common factor of i and l?
9
Let l be -2 - 2 - (1 - 5011). Suppose 0 = -17*o - 1436 + l. Calculate the greatest common factor of 7 and o.
7
Let n = 8 - -32. Let m be (-2)/4*1870/(-11). Let f = m - 25. Calculate the greatest common divisor of f and n.
20
Suppose 4*u - 6 = -3*g + 4, 3*u - 1 = g. Let z be (g - 124/(-8))/((-3)/(-6)). Calculate the greatest common divisor of z and 280.
35
Let b(u) = u**2 + 67*u - 107. Let o be b(-69). Let w = -1088 - -1851. Suppose -4*t = -w + 19. What is the highest common factor of t and o?
31
Suppose -m + 227 = 2*p, m - 3*p = 5*m - 903. Let i = -27 + 19. Let b be (30/i)/((-9)/108). What is the highest common divisor of b and m?
45
Let v be (7380/(-144))/(-2 + 62/32). What is the greatest common divisor of 55 and v?
5
Let b = -712 - -768. Calculate the greatest common divisor of 504 and b.
56
Let q be (((-243)/2)/3)/(((-693)/42)/33). Calculate the highest common divisor of 1062 and q.
9
Suppose -3*u = -0*w - 2*w + 15, 0 = w - 4*u - 15. Let j be (14 - (-5 + w))*(-3 + 5). Let q be (3 - 0)/(-1) + 11. What is the greatest common factor of q and j?
8
Let h(d) = -d**3 + 3*d**2 - 3. Let p be h(1). Let m(s) = 7*s + 19. Let c be m(p). Calculate the greatest common factor of c and 276.
12
Suppose 49 = 2*b - 35. Let z = 325 + -253. Let g = z - -33. What is the highest common factor of b and g?
21
Suppose 122 - 52 = 35*h. Let b be -16*((-88)/32 - h). What is the greatest common factor of 4 and b?
4
Suppose 2*p - 5 - 5 = 0. Let h = 609 - 594. What is the greatest common divisor of h and p?
5
Suppose 5*f + 10*l - 6325 = 0, 0 = -10*f + 11*f + 5*l - 1286. What is the highest common factor of f and 99?
9
Let m be 37/(-74) - 138/(-4). Suppose 113 = 3*d - m. Calculate the highest common divisor of d and 7.
7
Let c be (-470)/(-4) + (65/10 - 14/2). Calculate the greatest common divisor of c and 1417.
13
Let o = 3144 - 3088. Let d = -4 - -8. Suppose -3*b - 62 = 4*m - 8*m, 0 = -2*b - d. What is the greatest common factor of m and o?
14
Suppose -218 = -o - 3*y, -3*o + 3*y + 481 = -197. Let s = o - 80. Calculate the greatest common divisor of 54 and s.
18
Let t(l) = -l**3 + 19*l**2 - 69*l + 43. Let d be t(9). Calculate the greatest common factor of 9396 and d.
116
Suppose 8695*d + 259 = 8702*d. Let x be 261/7 + 4/(-14). Calculate the highest common divisor of x and d.
37
Let z(h) = -2*h + 1. Let f be z(1). Let x(s) = -s**2 + 51*s - 639. Let j be x(28). Let w be j + (f - (-4)/(-2)). What is the greatest common factor of w and 16?
2
Suppose o + 213*h = 214*h + 41, 2*o = -3*h + 97. Suppose -3*f = f. Let a(s) = s**2 - s + 22. Let w be a(f). Calculate the greatest common factor of o and w.
22
Let b(y) = y**3 - 6*y**2 - 5*y - 9. Let o be b(7). Suppose o*n - 14 = 101. Let t = 33 + n. Calculate the highest common divisor of 16 and t.
8
Suppose -3 = 2*k + 17. Let a be 6/15 - 3036/k. Suppose 0 = -4*w - 52 + 204. Calculate the greatest common divisor of a and w.
38
Let z be 5 + (-75)/20 + (-7)/28. Suppose n - z = l, n + 3*l - 16 + 3 = 0. Suppose -6*r + 220 = -r. Calculate the greatest common factor of n and r.
4
Let w = -278 - -55. Let d = w + 233. Calculate the greatest common divisor of 580 and d.
10
Suppose -60*t + 40750 = -5492 - 4638. What is the highest common divisor of t and 160?
16
Suppose 0 = -3*u + 5*y + 10, -2*u - 4 = u + 2*y. Let w be (-2816)/(-220) - 27/15. Suppose -8*b + w*b - 156 = u. What is the greatest common factor of 156 and b?
52
Let r(u) = 4*u**3 + 37*u**2 + 13*u + 14. Let g be r(-5). What is the greatest common divisor of 850 and g?
34
Let s = -548 - -552. Suppose -4*y - 85 = -s*w - 13, -3*w - 2*y + 54 = 0. Calculate the greatest common factor of w and 24.
6
Let i(r) = -4*r**2 - 438*r - 69. Let b be i(-87). What is the highest common factor of 39 and b?
39
Let p = 7 - -5. Let l(n) = -n**2 - 35*n + 428. Let b be l(-40). What is the greatest common divisor of p and b?
12
Suppose 0 = -4*b + 4*c + 4, 8*b = 13*b + 4*c - 50. Suppose -b*t + 3*t - s = -70, -s = 4*t - 94. What is the highest common divisor of t and 24?
24
Let b = 41 - -520. Let t = b - 330. What is the greatest common factor of 21 and t?
21
Suppose -41*l = -20 - 21. Let w be l/(-4) - 130/(-40) - -277. What is the highest common factor of 8 and w?
8
Suppose 6*o - 2*o = 2*s + 6, -3*o + 37 = 5*s. Let w be 2155 + -2155 + 4/(-3)*66/(-4). What is the greatest common divisor of w and o?
2
Suppose 0 = 9*f + 15056 - 17756. What is the greatest common factor of 60 and f?
60
Suppose -3*g = 2*t - 635, 282 = t - 3*g - 49. Calculate the highest common factor of 414 and t.
46
Suppose 34*j = 23*j - 836. Let o = -66 - j. Let s(z) = -2*z - 2. Let v be s(-3). Calculate the greatest common factor of v and o.
2
Let x be (-42 + 1)*2*((-495)/11)/15. Calculate the greatest common factor of 15744 and x.
246
Let f(l) = l**2 - 9. Let m be f(4). Let j be 142 - (-4 - (-2 - 11)). What is the greatest common factor of j and m?
7
Let w = 1347 - 302. Suppose 9*u = 28*u - w. Calculate the highest common factor of 22 and u.
11
Suppose -49 = 96*n - 89*n. Let t(i) = -9*i + 11. Let v be t(n). What is the highest common divisor of v and 111?
37
Suppose 126*t - 18*t = -22*t + 14